y) = y**2 + 12*y - 18. Determine w(-10).
-38
Let t(k) = -3*k. Give t(-4).
12
Let s(y) = -y**3 + 6*y**2 - 14*y + 11. Calculate s(3).
-4
Let a(b) = b**3 - 3*b**2 + 3*b + 2. Calculate a(3).
11
Let x(b) = 4*b + 20. Determine x(-5).
0
Let i(p) = -104*p + 316. Give i(3).
4
Let z(b) = 12*b + 3. Calculate z(2).
27
Let s(q) = q + 3. Calculate s(5).
8
Let w(a) = 10*a + 104. Calculate w(-10).
4
Let z(a) = -a**2 + 16*a + 85. Calculate z(20).
5
Let l(b) = -b**2 + 12*b - 10. Give l(12).
-10
Let l(h) = -4*h + 19. Determine l(6).
-5
Let u(p) = -p - 8. Give u(0).
-8
Let t(b) = 52*b + 3. Determine t(-2).
-101
Let f(x) = 2*x - 76. What is f(37)?
-2
Let k(h) = h - 3. Give k(2).
-1
Let x(t) = t**3 + 5*t**2 - 3*t - 5. Calculate x(-4).
23
Let d(u) = -u**2 - 10*u + 8. Calculate d(-14).
-48
Let d(f) = -9*f - 33. What is d(-4)?
3
Let c(l) = 6*l - 93. Calculate c(16).
3
Let f(g) = -g**3 + g**2 + 3*g + 1. Give f(-1).
0
Let x(r) = -r**3 - 17*r**2 - 62*r + 38. Give x(-11).
-6
Let r(k) = 2*k**2 - 5*k + 2. Determine r(2).
0
Let w(n) = 2*n**2 - 51*n - 59. What is w(27)?
22
Let o(y) = 2*y. Calculate o(-1).
-2
Let r(q) = -3*q - 97. Determine r(-23).
-28
Let j(a) = 2*a + 13. What is j(-10)?
-7
Let q(w) = 8*w**2 - 3*w. Calculate q(3).
63
Let d(a) = -3*a + 39. Give d(10).
9
Let k(c) = c**3 - 12*c**2 + 27*c - 76. Give k(10).
-6
Let y(g) = 2*g**2 + 22*g + 53. Give y(-8).
5
Let d(g) = g**2 - 4*g + 6. Calculate d(5).
11
Let d(u) = u**3 + 2*u**2 - 17*u - 22. Determine d(-5).
-12
Let j(t) = -t**3 + 4*t**2 + 2*t + 12. Determine j(5).
-3
Let d(j) = 13*j - 30. Give d(6).
48
Let i(b) = b - 35. Calculate i(16).
-19
Let j(v) = 3*v**2 - 19*v. Calculate j(9).
72
Let u(f) = 8*f - 3. Calculate u(-6).
-51
Let p(l) = -2*l**2 - 16*l + 5. Determine p(-7).
19
Let k(x) = x**2 - 4*x - 1. Give k(4).
-1
Let z(q) = -7*q**3 - 3*q**2 - 2*q + 1. Determine z(-2).
49
Let h(j) = j**3 + 7*j**2 - 19*j + 12. Give h(-9).
21
Let w(y) = y**3 - 4*y**2 - 5*y + 24. What is w(4)?
4
Let n(z) = z + 2. Give n(12).
14
Let z(j) = 4*j + 2. Calculate z(9).
38
Let a(t) = 3*t + 4. What is a(-1)?
1
Let z(t) = t**3 + 5*t**2 + 4*t + 11. Calculate z(-3).
17
Let y(i) = 25*i**2 + 13*i - 28. Give y(2).
98
Let x(u) = u - 25. What is x(17)?
-8
Let u(v) = -29*v - 71. Give u(-5).
74
Let p(x) = x**2 - 19*x + 9. Calculate p(18).
-9
Let t(r) = -9*r + 76. Calculate t(8).
4
Let p(n) = -3*n**2 - 13*n + 12. Calculate p(-5).
2
Let h(y) = -18*y. Give h(-2).
36
Let o(a) = 10*a. What is o(-1)?
-10
Let o(y) = 4*y**2 - 3*y + 3. Give o(-2).
25
Let u(c) = c**2 + 3*c + 3. Give u(-2).
1
Let i(c) = -c**3 - 4*c**2 - 3. Give i(-3).
-12
Let g(w) = w**3 + 9*w**2 - 3*w + 5. What is g(-9)?
32
Let q(z) = -z**2 - 23*z - 3. What is q(-23)?
-3
Let y(f) = 43*f - 103. What is y(6)?
155
Let g(x) = x - 4. Determine g(-6).
-10
Let b(x) = -6*x + 18. Determine b(12).
-54
Let v(w) = w**3 - 14*w**2 + 47*w + 8. Calculate v(6).
2
Let r(j) = 6*j**3 - j**2. Calculate r(1).
5
Let c(s) = s**2 + s - 21. Give c(0).
-21
Let n(w) = -4*w**2 - w + 10. Determine n(-3).
-23
Let t(a) = a**3 + a**2 - 3*a. Calculate t(3).
27
Let w(v) = v**2 - 2*v - 4. Give w(2).
-4
Let c(m) = 4*m + 106. What is c(-25)?
6
Let x(d) = 2*d**2 + 12*d + 25. Calculate x(-2).
9
Let v(p) = -2*p**3 - 38*p**2 - 34*p + 27. Determine v(-18).
-9
Let p(a) = 9*a**3 + 3*a - 5. Determine p(1).
7
Let q(a) = a**2 + 4*a + 10. Determine q(0).
10
Let j(b) = -b**3 - 6*b**2 + 2*b + 9. What is j(-6)?
-3
Let b(g) = -5*g - 91. What is b(27)?
-226
Let h(m) = m**2 - 11*m + 18. Determine h(10).
8
Let z(k) = -37*k**2 - 4*k - 3. Give z(-1).
-36
Let w(x) = x**2 - 20*x + 87. What is w(7)?
-4
Let w(s) = 12*s**3 + 1. Calculate w(-1).
-11
Let s(l) = 8*l - 295. Determine s(37).
1
Let n(t) = 41*t**2 + 2*t - 1. What is n(1)?
42
Let z(i) = 2*i**3 - 4*i - 2. Determine z(-3).
-44
Let o(f) = 3*f + 31. Calculate o(-22).
-35
Let s(c) = -4*c**3 - 2*c**2 - 4*c - 2. Determine s(-2).
30
Let k(m) = -3*m**2 - 30*m + 11. What is k(-10)?
11
Let c(i) = 2*i - 13. Determine c(-6).
-25
Let u(b) = -b**2 + 4*b + 11. Give u(9).
-34
Let c(t) = t**3 - 9*t**2 - 7*t - 25. What is c(10)?
5
Let y(m) = m**3 + 8*m**2 + 16*m - 3. What is y(-5)?
-8
Let z(q) = -46*q + 1010. Calculate z(22).
-2
Let b(z) = -z**2 + 11*z - 68. Calculate b(7).
-40
Let r(c) = c**2 + 7*c + 12. What is r(-5)?
2
Let x(b) = 6*b - 101. What is x(15)?
-11
Let z(o) = 2*o**2 + 2*o - 8. What is z(-4)?
16
Let c(d) = 109*d**2 - 3*d + 2. Determine c(1).
108
Let k(i) = -11*i - 1. Give k(3).
-34
Let o(v) = -v - 1. Give o(-32).
31
Let n(s) = -8*s + 10. Give n(3).
-14
Let n(s) = s**2 + 4*s - 1. Calculate n(-1).
-4
Let q(x) = -17*x + 334. What is q(20)?
-6
Let u(j) = j**3 - 8*j**2 + 6. What is u(8)?
6
Let t(k) = k**3 - 32*k**2 + 88*k - 35. Determine t(29).
-6
Let h(y) = 135*y**2 + 3*y. Determine h(1).
138
Let f(y) = y**3 - 9*y**2 - 8*y. What is f(10)?
20
Let f(o) = o**3 - 9*o**2 + 4*o - 25. Calculate f(9).
11
Let x(u) = 12*u. What is x(-1)?
-12
Let g(x) = x**3 + 10*x**2 + 3*x + 26. Calculate g(-10).
-4
Let y(g) = g**2 + 24*g - 28. Determine y(-26).
24
Let q(m) = -m + 4. What is q(7)?
-3
Let s(f) = 2*f**3 - 5*f + 2. What is s(2)?
8
Let l(c) = c**3 + 18*c**2 - 16*c + 44. Calculate l(-19).
-13
Let f(l) = l**2 + 2*l - 3. Calculate f(-4).
5
Let x(n) = -2*n**3 - 3*n**2 - 2. Calculate x(-2).
2
Let f(c) = 4*c - 1. What is f(4)?
15
Let a(z) = z**3 - 12*z**2 + 11*z + 3. Calculate a(11).
3
Let i(m) = m + 83. Give i(-11).
72
Let m(t) = -4*t - 9. Give m(0).
-9
Let o(b) = -b**2 - 2*b + 2. Calculate o(7).
-61
Let t(m) = -18*m + 51. Give t(4).
-21
Let x(y) = -y**2 - 3*y + 177. Calculate x(12).
-3
Let o(c) = c**3 + 6*c**2 - 5*c + 6. Calculate o(-7).
-8
Let h(r) = r**3 + 9*r**2 + 10*r + 7. Give h(-7).
35
Let f(x) = -2*x**3 + 19*x**2 - 44*x + 4. Give f(6).
-8
Let u(s) = s**3 + 19*s**2 + 16*s - 35. What is u(-18)?
1
Let c(d) = -d**3 - 10*d**2 - 15*d + 9. Give c(-8).
1
Let o(x) = x**3 + x**2 - x + 26. What is o(0)?
26
Let l(f) = -f**3 - 3*f**2 + 6*f + 8. Determine l(-4).
0
Let s(z) = 2*z**2 + 29*z + 39. Determine s(-13).
0
Let h(b) = -b**2 + 35*b + 553. What is h(-12)?
-11
Let w(r) = r**2 + 31*r + 102. Determine w(-27).
-6
Let h(y) = y**3 - 9*y**2 + 9*y - 4. Calculate h(8).
4
Let o(m) = 3*m + 5. Calculate o(7).
26
Let a(u) = -u**3 + 4*u**2 + 64*u + 17. Calculate a(-6).
-7
Let j(l) = l**3 + 3*l + 6. Give j(0).
6
Let d(w) = w**2 + 8*w - 2. Give d(-10).
18
Let l(r) = -r**3 - 11*r**2 - 9*r. What is l(-10)?
-10
Let o(m) = m**2 - 26*m + 56. What is o(11)?
-109
Let o(j) = -3*j**2 - 73*j + 15. Determine o(-24).
39
Let q(v) = 7*v + 33. What is q(-6)?
-9
Let k(d) = -6*d - 81. Determine k(-12).
-9
Let x(o) = -15*o - 4. Determine x(-2).
26
Let c(m) = -21*m + 210. What is c(10)?
0
Let t(o) = -5*o - 35. Calculate t(-17).
50
Let u(d) = d**2 - 15*d - 29. Calculate u(12).
-65
Let j(o) = -o**2 + 13*o - 12. Give j(9).
24
Let v(x) = 2*x - 8. Calculate v(0).
-8
Let f(x) = 3*x + 26. Determine f(0).
26
Let h(w) = -4*w - 19. Give h(-7).
9
Let y(p) = -12*p**3 - 4*p**2 + 6*p + 3. Give y(2).
-97
Let n(y) = y**2 - 10*y + 11. What is n(7)?
-10
Let y(w) = 2*w**2 + 17*w - 54. Calculate y(-10).
-24
Let n(a) = a**2 + 3*a + 5. Give n(-4).
9
Let s(n) = 3*n**2 - 56*n - 119. Calculate s(-2).
5
Let k(v) = -6*v + 7. Give k(3).
-11
Let m(b) = -b**3 + 7*b**2 - 7*b + 4. Determine m(4).
24
Let w(m) = -m**2 - 17*m - 10. Determine w(-19).
-48
Let d(v) = -v**2 + 18*v - 48. What is d(14)?
8
Let a(x) = -x**2 - 21*x - 58. Give a(-17).
10
Let j(q) = 8*q + 120. What is j(-15)?
0
Let y(k) = -4*k + 73. Calculate y(16).
9
Let h(m) = 2*m**2 - 9*m - 1. Determine h(8).
55
Let g(f) = 5*f**2 - f + 1. Calculate g(1).
5
Let t(p) = -p**2 - 13*p + 8. Give t(-12).
20
Let k(w) = w**3 + 6*w**2 - 2*w - 1. Determine k(-4).
39
Let g(c) = -5*c - 9. What is g(-2)?
1
Let k(l) = -l + 25. What is k(14)?
11
Let a(w) = w - 4. Determine a(-8).
-12
Let a(g) = -g**2 - 27*g - 195. Calculate a(-14).
-13
Let q(l) = -l**2 - 76*l - 4. Calculate q(-76).
-4
Let j(x) = -x**3 - 12*x**2 - 10*x + 8. What is j(-11)?
-3
Let m(y) = -5*y**2 + 2*y - 3. What is m(3)?
-42
Let d(s) = 3*s**2 - 7*s + 4. Calculate d(2).
2
Let r(y) = -y**2 - 17*y - 15. What is r(-12)?
45
Let m(u) = 12*u - 363. Calculate m(31).
9
Let a(m) = m**3 + 5*m**2 - 7. What is a(-5)?
-7
Let z(s) = -5*s + 15. Calculate z(3).
0
Let x(d) = -d**2 - 10*d - 22. What is x